Convert -1562 (base 8) to base 11.
-732
What is 225420 (base 7) in base 10?
40341
What is -155 (base 14) in base 2?
-100001111
What is 15133 (base 6) in base 4?
212001
Convert 1595 (base 15) to base 2.
1001000100000
What is 1216 (base 15) in base 3?
12021110
What is 733 (base 12) in base 9?
1383
What is 174 (base 8) in base 11?
103
-9449 (base 10) to base 16
-24e9
What is -3755 (base 8) in base 3?
-2210011
What is -1145 (base 8) in base 9?
-751
Convert 20004 (base 6) to base 16.
a24
3367 (base 10) to base 12
1b47
What is 3b6 (base 14) in base 6?
3244
Convert -1122031 (base 4) to base 3.
-21220211
What is 44113 (base 6) in base 3?
22100200
Convert -62563 (base 8) to base 4.
-12111303
41554 (base 6) to base 8
12756
What is -111130 (base 4) in base 14?
-700
Convert 6253 (base 7) to base 6.
14054
Convert -1112010 (base 3) to base 2.
-10001010110
Convert 2a750 (base 12) to base 8.
164654
What is 190 (base 14) in base 16?
142
Convert 106b2 (base 14) to base 8.
115504
What is 69 (base 14) in base 9?
113
What is -2ca2 (base 15) in base 7?
-36665
-2074 (base 10) to base 6
-13334
4a49 (base 11) to base 15
1e42
What is 1112121 (base 3) in base 8?
2143
What is 23133320 (base 4) in base 9?
71538
101524 (base 6) to base 15
265d
Convert 4d25 (base 14) to base 11.
a205
4ab (base 13) to base 8
1461
Convert -110001110 (base 2) to base 16.
-18e
Convert -46441 (base 8) to base 15.
-5cb5
What is -1768 (base 13) in base 2?
-110110001010
Convert 8738 (base 9) to base 16.
1922
What is 110000000000100 (base 2) in base 7?
131443
What is -2012130 (base 4) in base 6?
-103500
Convert -2e22 (base 15) to base 7.
-40646
What is -122011010 (base 3) in base 13?
-58cb
Convert -407 (base 8) to base 16.
-107
What is -1323 (base 8) in base 6?
-3203
What is 2dc (base 16) in base 5?
10412
What is -1000011010100 (base 2) in base 3?
-12220120
Convert 1123200 (base 4) to base 7.
23034
-1739 (base 16) to base 8
-13471
-111010 (base 2) to base 13
-46
What is 4b1 (base 16) in base 5?
14301
What is -120012 (base 3) in base 2?
-110011010
What is 21030 (base 5) in base 16?
56e
Convert 1342 (base 8) to base 11.
611
Convert 10000011 (base 2) to base 5.
1011
What is -336 (base 11) in base 6?
-1510
cc9 (base 15) to base 5
43024
-d959 (base 16) to base 14
-163c5
What is 17e (base 16) in base 13?
235
What is 32312 (base 4) in base 2?
1110110110
10212122212 (base 3) to base 9
125585
What is 2103 (base 6) in base 2?
111010111
What is 2311 (base 6) in base 14?
2b1
Convert -107 (base 9) to base 12.
-74
-101110001011 (base 2) to base 9
-4043
What is 1001100011 (base 2) in base 10?
611
-35b2 (base 13) to base 4
-1312131
What is 11925 (base 10) in base 11?
8a61
What is -210102222 (base 3) in base 12?
-9068
What is -489 (base 13) in base 8?
-1425
12003 (base 4) to base 8
603
Convert 2024 (base 7) to base 10.
704
Convert 1021210 (base 3) to base 16.
3ab
Convert 11100 (base 4) to base 3.
110110
Convert 441301 (base 6) to base 3.
1212020001
Convert 20033 (base 5) to base 13.
767
What is 651 (base 7) in base 13?
1c5
Convert -1658 (base 10) to base 13.
-9a7
37274 (base 9) to base 8
60667
-254a (base 11) to base 13
-1686
What is -100011010 (base 2) in base 7?
-552
335 (base 11) to base 15
1bb
What is -1599 (base 15) in base 9?
-6330
What is -103102 (base 4) in base 3?
-1200201
What is 10b3c (base 13) in base 10?
30471
What is -522f (base 16) in base 2?
-101001000101111
What is -3980a (base 11) in base 13?
-1cb75
210213 (base 5) to base 14
2753
What is 14229 (base 10) in base 5?
423404
What is -1736 (base 9) in base 14?
-6ad
What is -11112111 (base 3) in base 11?
-2537
Convert -102011 (base 3) to base 2.
-100101101
What is 203123 (base 4) in base 3?
10002222
5705 (base 16) to base 10
22277
What is -29704 (base 13) in base 9?
-128087
Convert 950 (base 14) to base 3.
2111221
-110000010 (base 2) to base 15
-1ab
7961 (base 10) to base 9
11825
-1b1 (base 12) to base 3
-101021
What is 607 (base 9) in base 14?
273
What is 24d8 (base 16) in base 9?
13840
Convert 2067 (base 13) to base 15.
14d9
What is 2117 (base 8) in base 6?
5035
What is -74a3 (base 13) in base 5?
-1004223
Convert 1111120022 (base 3) to base 7.
152135
Convert 821 (base 11) to base 5.
12431
What is 36a (base 13) in base 7?
1510
-17c (base 14) to base 2
-100110010
Convert 42743 (base 8) to base 3.
220112122
Convert 533 (base 12) to base 2.
1011110111
12697 (base 12) to base 3
1021112021
-56 (base 8) to base 7
-64
Convert -10010001010111 (base 2) to base 3.
-110202120
Convert 30a (base 14) to base 9.
734
What is 4602 (base 7) in base 8?
3204
Convert -642 (base 10) to base 11.
-534
What is -2919 (base 11) in base 15?
-11b6
10023 (base 4) to base 14
151
Convert -2022212 (base 3) to base 13.
-a07
6c1 (base 16) to base 10
1729
387 (base 12) to base 4
20113
153502 (base 7) to base 16
7588
-bb25 (base 14) to base 5
-2013443
-1200001 (base 4) to base 14
-234d
Convert -107 (base 13) to base 6.
-452
What is 20221221 (base 3) in base 6?
35254
Convert -6336 (base 8) to base 15.
-e99
What is -53001 (base 9) in base 14?
-ca77
Convert 2506 (base 7) to base 8.
1651
What is 1905 (base 10) in base 16?
771
Convert 23012 (base 4) to base 7.
2033
Convert -762 (base 8) to base 5.
-3443
9ff (base 16) to base 14
d0b
-11573 (base 9) to base 5
-222021
540400 (base 6) to base 7
242613
Convert 1071 (base 8) to base 6.
2345
What is 2480 (base 11) in base 16?
ca2
Convert 22121120 (base 3) to base 12.
3773
What is -423 (base 10) in base 11?
-355
What is 259 (base 13) in base 4?
12130
What is -884 (base 16) in base 14?
-b1a
154416 (base 7) to base 8
73271
6457 (base 8) to base 6
23343
Convert 15451 (base 13) to base 12.
1b394
What is 342 (base 12) in base 6?
2122
-1936 (base 16) to base 13
-2c26
-1200101 (base 3) to base 6
-5401
What is -2a83 (base 15) in base 14?
-3479
What is 33300 (base 5) in base 16?
915
Convert -289 (base 11) to base 4.
-11103
11d5 (base 15) to base 9
5182
Convert 1310 (base 15) to base 12.
2429
8757 (base 13) to base 2
100100110001111
What is 10b67 (base 15) in base 12?
26951
Convert -7043 (base 14) to base 3.
-222102121
What is -1770 (base 9) in base 11?
-1026
What is -390 (base 10) in base 15?
-1b0
Convert -2616 (base 9) to base 7.
-5466
Convert -12013 (base 4) to base 2.
-110000111
-35634 (base 9) to base 10
-23845
Convert 20411 (base 5) to base 13.
804
10011111001 (base 2) to base 6
5521
10021111 (base 3) to base 9
3244
Convert 9f2 (base 16) to base 3.
10111022
Convert -1221101101 (base 3) to base 14.
-dcba
-468 (base 10) to base 11
-396
What is 22021100 (base 3) in base 11?
4592
1100122 (base 3) to base 8
1735
-33031 (base 12) to base 6
-1240101
427 (base 8) to base 14
15d
Convert -17b1 (base 12) to base 6.
-21141
Convert -420212 (base 6) to base 4.
-20033300
Convert -23321 (base 4) to base 10.
-761
What is -5bd (base 15) in base 11?
-a85
-11000021 (base 3) to base 2
-101101101011
What is 736 (base 8) in base 5?
3403
20042 (base 7) to base 3
20121222
What is -35235 (base 8) in base 5?
-440010
12202200 (base 3) to base 4
1001223
Convert -22000 (base 5) to base 10.
-1500
What is a61 (base 12) in base 5?
22023
Convert 1100100011011 (base 2) to base 14.
24b1
What is -1000000001 (base 2) in base 4?
-20001
Convert 188a (base 11) to base 4.
211131
What is 36122 (base 9) in base 3?
1020010202
-41 (base 10) to base 3
-1112
Convert -1b7a3 (base 13) to base 9.
-82118
Convert -14393 (base 12) to base 10.
-28191
-22210020 (base 3) to base 6
-45353
-1876 (base 10) to base 14
-980
What is -301413 (base 5) in base 9?
-14155
817 (base 15) to base 9
2444
What is -1102210 (base 3) in base 12?
-733
Convert 17300 (base 9) to base 15.
37dc
-1204232 (base 5) to base 3
-1010210012
What is -111 (base 13) in base 9?
-223
What is 3635 (base 8) in base 10?
1949
Convert 112200102 (base 3) to base 13.
4b44
Convert 669 (base 15) to base 9.
1880
What is 674 (base 12) in base 11?
796
What is -1122023 (base 4) in base 2?
-1011010001011
What is 451 (base 6) in base 10?
175
Convert -43570 (base 8) to base 13.
-8435
-1232 (base 5) to base 16
-c0
Convert 1267 (base 9) to base 6.
4224
What is 1220032 (base 4) in base 10?
6670
Convert -4142 (base 10) to base 9.
-5612
Convert -39ba (base 12) to base 14.
-25b0
What is 13701 (base 8) in base 7?
23505
What is -3142 (base 5) in base 15?
-1d2
What 